m(-114).
-22
Let u(v) = -v**3 + 13*v**2 - 11*v - 74. Give u(11).
47
Let q(x) = 53*x + 39. Calculate q(1).
92
Let t(l) = 183*l - 13. Determine t(-1).
-196
Let a(p) = 3*p**2 - 71*p + 23. What is a(23)?
-23
Let t(j) = j**2 - 7*j - 105. Calculate t(-11).
93
Let k(q) = -516*q + 4600. Determine k(9).
-44
Let a(s) = s**2 + 39*s - 111. Calculate a(-43).
61
Let c(p) = -163*p + 2949. Calculate c(18).
15
Let y(q) = -32*q**3 + 159*q**2 - 3*q + 22. What is y(5)?
-18
Let f(u) = -1271*u - 21608. Determine f(-17).
-1
Let l(g) = -98*g - 67. Determine l(-5).
423
Let t(o) = o**3 + 46*o**2 + 6*o + 208. Determine t(-46).
-68
Let w(m) = m**3 - 6*m**2 + 61*m - 179. Determine w(3).
-23
Let f(u) = 83*u + 12730. What is f(-153)?
31
Let x(t) = -69*t**2 - 3*t - 22. Determine x(2).
-304
Let g(d) = -d**3 + 14*d**2 + 48*d + 7. What is g(-3)?
16
Let k(d) = d**3 - 8*d**2 + 4*d + 5. Give k(8).
37
Let p(m) = m**3 + 37*m**2 + 36*m + 5. What is p(-36)?
5
Let n(x) = -2*x**3 + 13*x**2 - 35*x - 2. Calculate n(6).
-176
Let j(c) = c**2 - 258*c - 2144. Give j(-9).
259
Let y(g) = -172*g - 16167. Determine y(-94).
1
Let p(c) = -c**3 - 16*c**2 - 5*c - 110. Calculate p(-16).
-30
Let i(y) = 8*y**2 + 21*y - 114. Determine i(-8).
230
Let p(s) = 131*s + 1717. Calculate p(-13).
14
Let n(j) = -269*j - 548. What is n(-2)?
-10
Let h(g) = 159*g - 2488. Calculate h(15).
-103
Let p(k) = -19*k**2 - 3*k + 25. Calculate p(-3).
-137
Let a(f) = -1996*f - 17960. Give a(-9).
4
Let f(z) = -z**3 + 48*z**2 - 216*z - 3. Give f(43).
-46
Let j(a) = a**2 + 25*a + 54. Give j(-21).
-30
Let a(x) = 31*x**2 - 16*x + 71. Determine a(3).
302
Let t(n) = 217*n - 110. What is t(2)?
324
Let v(x) = -801*x - 2342. Calculate v(-3).
61
Let i(y) = 23*y**3 + 5*y**2 - 8*y + 7. Determine i(2).
195
Let r(h) = -h**3 - 50*h**2 - 195*h + 1571. Determine r(-9).
5
Let w(n) = -2*n**3 - 9*n**2 - 13*n - 27. Calculate w(-6).
159
Let s(f) = 589*f + 8225. What is s(-14)?
-21
Let l(o) = -1899*o - 110135. Give l(-58).
7
Let u(h) = -4*h**2 + 97*h - 20. Determine u(16).
508
Let d(q) = 115*q - 359. Determine d(6).
331
Let k(y) = 43*y - 113. What is k(9)?
274
Let d(k) = -k**3 + 18*k**2 + 22*k - 1122. What is d(13)?
9
Let n(p) = -18*p**2 + p + 6. Calculate n(2).
-64
Let m(j) = 241*j + 5476. Calculate m(-23).
-67
Let x(r) = 1895*r + 159199. What is x(-84)?
19
Let s(j) = -j**3 + 13*j**2 - 5*j - 29. Determine s(13).
-94
Let f(w) = -29*w**2 + 577*w - 27. Give f(20).
-87
Let k(y) = -2*y - 137. Calculate k(-59).
-19
Let c(t) = 3*t**3 - 13*t**2 - t + 13. Calculate c(4).
-7
Let p(f) = -612*f - 5514. Calculate p(-9).
-6
Let x(b) = -b**3 + 62*b + 94. Give x(-7).
3
Let s(d) = -88*d - 7489. What is s(-84)?
-97
Let c(w) = -w**2 - 10*w - 23. Calculate c(-5).
2
Let m(h) = -h**3 + 8*h**2 + 15*h - 79. Calculate m(9).
-25
Let u(r) = -r**2 - 212*r + 1495. Calculate u(7).
-38
Let o(a) = -28*a**2 - 318*a - 9. Calculate o(-11).
101
Let c(p) = -38*p - 786. Calculate c(-16).
-178
Let v(h) = -1581*h + 49027. Give v(31).
16
Let p(t) = -10981*t - 76860. Determine p(-7).
7
Let z(a) = -12*a**2 + 24*a - 45. What is z(-4)?
-333
Let o(b) = -6*b - 290. Calculate o(-58).
58
Let j(t) = 979*t - 83. Give j(1).
896
Let p(o) = 41*o + 1493. What is p(-37)?
-24
Let r(m) = 2*m**3 + 187*m**2 + 130*m + 3447. Calculate r(-93).
6
Let i(p) = -2*p**3 - 5*p**2 - 5*p - 21. What is i(-3)?
3
Let r(x) = -x**2 - 26*x - 127. Calculate r(-9).
26
Let v(x) = -3*x**2 - 41*x - 146. What is v(-13)?
-120
Let a(j) = 157*j - 971. Give a(7).
128
Let f(d) = -11*d + 657. Calculate f(66).
-69
Let s(k) = -285*k - 16519. Determine s(-58).
11
Let f(z) = -z**3 + 7*z**2 + 36*z - 39. Give f(-4).
-7
Let b(j) = j**3 - 28*j**2 - 60*j + 11. What is b(30)?
11
Let d(c) = 18*c - 34. Calculate d(14).
218
Let p(m) = m**2 + 3*m - 172. Give p(0).
-172
Let q(n) = -9*n**3 - 3*n**2 + 9*n + 19. Give q(-3).
208
Let u(i) = 4*i**3 + 6*i**2 + 5*i - 26. Give u(3).
151
Let o(p) = 3*p**2 + 79*p + 336. Calculate o(-21).
0
Let m(g) = -5*g**2 + 16*g - 83. What is m(7)?
-216
Let m(i) = 8158*i + 40782. Determine m(-5).
-8
Let j(q) = -q**2 + 149*q - 4928. Determine j(100).
-28
Let o(x) = -164*x + 51333. What is o(313)?
1
Let v(i) = -55*i + 2539. Calculate v(47).
-46
Let d(r) = r**3 + 17*r**2 - 25*r - 93. What is d(-17)?
332
Let n(t) = 608*t - 54723. Calculate n(90).
-3
Let t(m) = -m**3 + 16*m**2 - 55*m + 442. Determine t(14).
64
Let a(l) = -l**3 - 5*l**2 + 24*l - 8. Determine a(-8).
-8
Let j(a) = 96*a - 1093. What is j(12)?
59
Let y(d) = 65*d**2 + 105*d + 15. What is y(-2)?
65
Let c(l) = -l**3 - 76*l**2 + 225*l - 983. Calculate c(-79).
-35
Let j(b) = 4*b**2 + 57*b - 187. Give j(-17).
0
Let o(l) = -317*l - 20922. Give o(-66).
0
Let h(k) = 31*k - 1760. What is h(59)?
69
Let r(g) = -458*g - 1787. What is r(-4)?
45
Let n(b) = -b**3 + 130*b**2 + 397*b + 262. Determine n(133).
-4
Let i(q) = -109*q - 1455. Calculate i(-13).
-38
Let x(n) = 270*n - 15652. Calculate x(58).
8
Let c(q) = 3*q - 18. Give c(-2).
-24
Let q(v) = v**3 - 5*v**2 - v - 55. What is q(6)?
-25
Let n(g) = -9*g + 137. Give n(31).
-142
Let z(a) = 36*a + 1617. Determine z(-47).
-75
Let s(r) = -1405*r + 13852. Calculate s(10).
-198
Let n(a) = 3*a**2 + 23*a - 49. Give n(-10).
21
Let j(k) = k**3 - 16*k**2 - 264*k + 4204. What is j(15)?
19
Let d(m) = -2*m**3 - 24*m**2 + 3*m - 25. Calculate d(-10).
-455
Let r(f) = -68*f + 5428. Give r(80).
-12
Let f(c) = c**2 - 34*c - 1776. Give f(-28).
-40
Let c(w) = -3*w**3 - 125*w**2 + 250*w - 2557. Give c(-44).
-5
Let o(p) = -p**3 - 77*p**2 - 88*p - 922. What is o(-76)?
-10
Let n(t) = -573*t + 2864. Determine n(5).
-1
Let d(w) = -w**3 - 111*w**2 - 2617*w + 89. Determine d(-77).
12
Let p(q) = 301*q**2 + 918*q + 16. Give p(-3).
-29
Let n(p) = -10*p**3 - 149*p**2 - 125*p + 24. Determine n(-14).
10
Let s(y) = 8*y**2 + 30*y - 87. What is s(3)?
75
Let f(h) = 2*h**3 + 203*h**2 - 104*h - 226. Determine f(-102).
-22
Let p(g) = -2*g + 375. What is p(158)?
59
Let f(p) = p**2 - 70*p + 259. Calculate f(4).
-5
Let h(c) = c**2 + 28*c + 46. Give h(-20).
-114
Let t(y) = y**2 + 49*y - 15410. Determine t(102).
-8
Let f(l) = -l**3 + 5*l**2 + 11*l + 3. Give f(7).
-18
Let q(h) = -20*h + 965. Calculate q(48).
5
Let g(o) = 167*o + 3642. Determine g(-21).
135
Let m(n) = -50*n**3 - n**2 + 45*n - 94. What is m(2)?
-408
Let z(k) = 14*k**2 + 106*k - 21. Determine z(-8).
27
Let t(x) = x**3 + 4*x**2 + 42*x + 160. Give t(-4).
-8
Let m(x) = 64*x - 711. Give m(14).
185
Let i(j) = -5*j**2 - 37*j + 11. Determine i(-8).
-13
Let c(z) = 10*z**2 + 44*z - 144. Calculate c(-6).
-48
Let y(j) = 75*j + 1040. Calculate y(-14).
-10
Let r(c) = 12*c**2 + 106*c + 4. Give r(-9).
22
Let d(u) = -6*u**2 - 34*u - 38. What is d(-5)?
-18
Let w(x) = -217*x - 667. Give w(-3).
-16
Let x(q) = q**3 + 20*q**2 + 50*q - 22. Give x(-17).
-5
Let c(d) = -29*d**3 - 7*d**2 - 19*d - 20. Give c(-2).
222
Let o(h) = -17*h + 132. Give o(7).
13
Let w(u) = -u**3 - 50*u**2 - 39*u + 405. Give w(-49).
-85
Let h(x) = 27*x + 502. Calculate h(-20).
-38
Let o(g) = g**2 - 113*g - 17133. What is o(-86)?
-19
Let m(s) = 2*s**3 - 340*s**2 - 681*s. What is m(-2)?
-14
Let g(h) = h**3 + 15*h**2 - 50*h - 7. Calculate g(-18).
-79
Let s(k) = -k**3 - 3*k**2 + 127*k + 29. What is s(10)?
-1
Let d(n) = -106*n - 493. Calculate d(-5).
37
Let c(t) = 13*t + 500. What is c(-54)?
-202
Let m(v) = -28*v - 1430. Determine m(-51).
-2
Let k(q) = 27*q + 962. Calculate k(-36).
-10
Let h(c) = 2*c**3 - 43*c**2 - 36*c - 754. Calculate h(23).
5
Let i(t) = -t**2 - 83*t - 1444. Give i(-60).
-64
Let d(l) = 14*l**2 - 80*l - 162. What is d(-2)?
54
Let j(f) = -f**3 + 18*f**2 + 14*f + 100. Determine j(19).
5
Let d(l) = -l**3 - 24*l**2 - 45*l + 420. What is d(-21)?
42
Let a(r) = 7*r**3 + 535*r**2 - 310*r - 123. Determine a(-77).
31
Let y(k) = k**3 - 50*k**2 + 259*k + 179. What is y(44)?
-41
Let z(m) = m**3 + 156*m**2 - 2202*m + 45. Calculate z(13).
-20
Let c(p) = -2*p**3 - 122*p**2 - 127*p - 429. Give c(-60).
-9
Let b(u) = -2*u**3 + u**2 - 18*u + 12. What is b(0)?
12
Let i(j) = 1433*j - 8632. Give i(6).
-34
Let i(a) = 18*a**2 + 951*a - 128. Give i(-53).
31
Let v(z) = -60*z + 19. Give v(-1).
79
Let r(b) = 8712*b - 17414. Calculate r(2).
10
Let a(o) = o**2 - 35*o + 15. Give a(36).
51
Let c(y) = 47*y + 807. What is c(-17)?
8
Let b(h) = -h**2 - 145*h + 5242. Calculate b(-175).
-8
Let